{"id":105,"date":"2023-12-13T21:13:09","date_gmt":"2023-12-13T20:13:09","guid":{"rendered":"https:\/\/www.coeurdefamille.com\/?page_id=105"},"modified":"2024-07-10T18:43:31","modified_gmt":"2024-07-10T16:43:31","slug":"bien-grandir","status":"publish","type":"page","link":"https:\/\/www.coeurdefamille.com\/index.php\/bien-grandir\/","title":{"rendered":"BIEN GRANDIR, Accompagner l&#8217;enfant de 3 \u00e0 10 ans"},"content":{"rendered":"\n<p><\/p>\n\n\n\n<div class=\"wp-block-group is-layout-constrained wp-block-group-is-layout-constrained\">\n<p class=\"has-text-align-center\">Le terme de th\u00e9rapeute signifie  &#8220;prendre soin&#8221;. \u00catre th\u00e9rapeute pour enfant c&#8217;est proposer un espace de parole et d&#8217;\u00e9coute personnalis\u00e9 et adapt\u00e9 \u00e0 l&#8217;\u00e2ge. <\/p>\n\n\n\n<p class=\"has-text-align-center\"> Chaque enfant se construit \u00e0 son rythme avec son histoire familiale mais aussi avec son v\u00e9cu personnel des \u00e9v\u00e9nements de vie qui le traverse. A chaque \u00e2ge, les enfants vivent des bouleversements qui marquent des moments de passage parfois d\u00e9licats. Ces situations les aident \u00e0 grandir mais peuvent aussi les d\u00e9stabiliser. <\/p>\n\n\n\n<p class=\"has-text-align-center\"><strong>Pourquoi prendre rendez-vous chez un th\u00e9rapeute pour son enfant ?<\/strong><\/p>\n\n\n\n<p class=\"has-text-align-center\">D\u00e8s qu&#8217;un enfant ou son entourage ressent de la souffrance, le th\u00e9rapeute peut intervenir. Ce mal-\u00eatre peut \u00eatre observ\u00e9 dans votre quotidien par des changements de comportement, une r\u00e9gression dans le d\u00e9veloppement, des difficult\u00e9s relationnelles ou \u00e9motionnelles avec une intol\u00e9rance \u00e0 la frustration mais aussi \u00e0 l&#8217;angoisse ou encore une hyper\u00e9motivit\u00e9. Les enfants, en raison de l&#8217;amour qu&#8217;ils portent \u00e0 leurs parents, ne peuvent pas toujours exprimer tout ce qu&#8217;ils ressentent ou nommer tout ce qu&#8217;ils per\u00e7oivent.<\/p>\n\n\n\n<p class=\"has-text-align-center\">Mon objectif est d&#8217;essayer de comprendre le fonctionnement intellectuel de votre enfant et les conflits intrapsychiques qui l&#8217;envahissent gr\u00e2ce \u00e0  des outils tel que la parole, le jeu, le dessin, le modelage, le jeu de r\u00f4les\u2026 Je prends en consid\u00e9ration l&#8217;\u00e2ge, le d\u00e9veloppement mais aussi le rythme de l&#8217;enfant pour proposer un accompagnement au plus pr\u00e8s de ses besoins. <\/p>\n\n\n\n<p class=\"has-text-align-center\">Dans tous les cas, la cl\u00e9 d\u2019une prise en charge r\u00e9ussie est l\u2019alliance que parents, th\u00e9rapeute et enfant peuvent cr\u00e9er dans le souci de favoriser le d\u00e9veloppement harmonieux de ce dernier.  <\/p>\n\n\n\n<p><strong>Th\u00e9rapeute<\/strong>: Marine DUPONT-SCHOTT<\/p>\n\n\n\n<p><strong>Tarif de la s\u00e9ance<\/strong>: 55 euros s\u00e9ance d&#8217;environ 1h <\/p>\n\n\n\n<p><\/p>\n\n\n\n<figure class=\"wp-block-image size-large wp-duotone-grayscale\"><img loading=\"lazy\" decoding=\"async\" width=\"1024\" height=\"669\" src=\"https:\/\/www.coeurdefamille.com\/wp-content\/uploads\/2023\/12\/image-enfant-2-1024x669.jpg\" alt=\"\" class=\"wp-image-106\" srcset=\"https:\/\/www.coeurdefamille.com\/wp-content\/uploads\/2023\/12\/image-enfant-2-1024x669.jpg 1024w, https:\/\/www.coeurdefamille.com\/wp-content\/uploads\/2023\/12\/image-enfant-2-300x196.jpg 300w, https:\/\/www.coeurdefamille.com\/wp-content\/uploads\/2023\/12\/image-enfant-2-768x502.jpg 768w, https:\/\/www.coeurdefamille.com\/wp-content\/uploads\/2023\/12\/image-enfant-2-1536x1003.jpg 1536w, https:\/\/www.coeurdefamille.com\/wp-content\/uploads\/2023\/12\/image-enfant-2-2048x1338.jpg 2048w\" sizes=\"auto, (max-width: 1024px) 100vw, 1024px\" \/><\/figure>\n<\/div>\n\n\n\n<div class=\"wp-block-buttons is-layout-flex wp-block-buttons-is-layout-flex\">\n<div class=\"wp-block-button\"><a class=\"wp-block-button__link wp-element-button\" href=\"https:\/\/www.coeurdefamille.com\/\">Nos th\u00e9rapies<\/a><\/div>\n<\/div>\n\n\n\n<div class=\"wp-block-buttons is-layout-flex wp-block-buttons-is-layout-flex\">\n<div class=\"wp-block-button\"><a class=\"wp-block-button__link wp-element-button\" href=\"https:\/\/www.coeurdefamille.com\/wp-admin\/post.php?post=44&amp;action=edit\">Prendre Rendez-vous<\/a><\/div>\n<\/div>\n","protected":false},"excerpt":{"rendered":"<p>Le terme de th\u00e9rapeute signifie &#8220;prendre soin&#8221;. \u00catre th\u00e9rapeute pour enfant c&#8217;est proposer un espace de parole et d&#8217;\u00e9coute personnalis\u00e9 et adapt\u00e9 \u00e0 l&#8217;\u00e2ge. Chaque enfant se construit \u00e0 son rythme avec son histoire familiale mais aussi avec son v\u00e9cu personnel des \u00e9v\u00e9nements de vie qui le traverse. A chaque \u00e2ge, les enfants vivent des [&hellip;]<\/p>\n","protected":false},"author":1,"featured_media":0,"parent":0,"menu_order":0,"comment_status":"closed","ping_status":"closed","template":"","meta":{"footnotes":""},"class_list":["post-105","page","type-page","status-publish","hentry"],"yoast_head":"<!-- This site is optimized with the Yoast SEO plugin v27.4 - https:\/\/yoast.com\/product\/yoast-seo-wordpress\/ -->\n<title>BIEN GRANDIR, Accompagner l&#039;enfant de 3 \u00e0 10 ans - Coeur de famille<\/title>\n<meta name=\"description\" content=\"coeur de famille vous accompagne pour aider votre enfant \u00e0 s&#039;\u00e9panouir, \u00e0 g\u00e9rer ses \u00e9motions et \u00e0 faire face aux difficult\u00e9s de la vie.\" \/>\n<meta name=\"robots\" content=\"index, follow, max-snippet:-1, max-image-preview:large, max-video-preview:-1\" \/>\n<link rel=\"canonical\" href=\"https:\/\/www.coeurdefamille.com\/index.php\/bien-grandir\/\" \/>\n<meta property=\"og:locale\" content=\"en_US\" \/>\n<meta property=\"og:type\" content=\"article\" \/>\n<meta property=\"og:title\" content=\"BIEN GRANDIR, Accompagner l&#039;enfant de 3 \u00e0 10 ans - Coeur de famille\" \/>\n<meta property=\"og:description\" content=\"coeur de famille vous accompagne pour aider votre enfant \u00e0 s&#039;\u00e9panouir, \u00e0 g\u00e9rer ses \u00e9motions et \u00e0 faire face aux difficult\u00e9s de la vie.\" \/>\n<meta property=\"og:url\" content=\"https:\/\/www.coeurdefamille.com\/index.php\/bien-grandir\/\" \/>\n<meta property=\"og:site_name\" content=\"Coeur de famille\" \/>\n<meta property=\"article:modified_time\" content=\"2024-07-10T16:43:31+00:00\" \/>\n<meta property=\"og:image\" content=\"https:\/\/www.coeurdefamille.com\/wp-content\/uploads\/2023\/12\/image-enfant-2-1024x669.jpg\" \/>\n<meta name=\"twitter:card\" content=\"summary_large_image\" \/>\n<meta name=\"twitter:label1\" content=\"Est. reading time\" \/>\n\t<meta name=\"twitter:data1\" content=\"2 minutes\" \/>\n<script type=\"application\/ld+json\" class=\"yoast-schema-graph\">{\"@context\":\"https:\\\/\\\/schema.org\",\"@graph\":[{\"@type\":\"WebPage\",\"@id\":\"https:\\\/\\\/www.coeurdefamille.com\\\/index.php\\\/bien-grandir\\\/\",\"url\":\"https:\\\/\\\/www.coeurdefamille.com\\\/index.php\\\/bien-grandir\\\/\",\"name\":\"BIEN GRANDIR, Accompagner l'enfant de 3 \u00e0 10 ans - Coeur de famille\",\"isPartOf\":{\"@id\":\"https:\\\/\\\/www.coeurdefamille.com\\\/#website\"},\"primaryImageOfPage\":{\"@id\":\"https:\\\/\\\/www.coeurdefamille.com\\\/index.php\\\/bien-grandir\\\/#primaryimage\"},\"image\":{\"@id\":\"https:\\\/\\\/www.coeurdefamille.com\\\/index.php\\\/bien-grandir\\\/#primaryimage\"},\"thumbnailUrl\":\"https:\\\/\\\/www.coeurdefamille.com\\\/wp-content\\\/uploads\\\/2023\\\/12\\\/image-enfant-2-1024x669.jpg\",\"datePublished\":\"2023-12-13T20:13:09+00:00\",\"dateModified\":\"2024-07-10T16:43:31+00:00\",\"description\":\"coeur de famille vous accompagne pour aider votre enfant \u00e0 s'\u00e9panouir, \u00e0 g\u00e9rer ses \u00e9motions et \u00e0 faire face aux difficult\u00e9s de la vie.\",\"breadcrumb\":{\"@id\":\"https:\\\/\\\/www.coeurdefamille.com\\\/index.php\\\/bien-grandir\\\/#breadcrumb\"},\"inLanguage\":\"en-US\",\"potentialAction\":[{\"@type\":\"ReadAction\",\"target\":[\"https:\\\/\\\/www.coeurdefamille.com\\\/index.php\\\/bien-grandir\\\/\"]}]},{\"@type\":\"ImageObject\",\"inLanguage\":\"en-US\",\"@id\":\"https:\\\/\\\/www.coeurdefamille.com\\\/index.php\\\/bien-grandir\\\/#primaryimage\",\"url\":\"https:\\\/\\\/www.coeurdefamille.com\\\/wp-content\\\/uploads\\\/2023\\\/12\\\/image-enfant-2.jpg\",\"contentUrl\":\"https:\\\/\\\/www.coeurdefamille.com\\\/wp-content\\\/uploads\\\/2023\\\/12\\\/image-enfant-2.jpg\",\"width\":2500,\"height\":1633},{\"@type\":\"BreadcrumbList\",\"@id\":\"https:\\\/\\\/www.coeurdefamille.com\\\/index.php\\\/bien-grandir\\\/#breadcrumb\",\"itemListElement\":[{\"@type\":\"ListItem\",\"position\":1,\"name\":\"Accueil\",\"item\":\"https:\\\/\\\/www.coeurdefamille.com\\\/\"},{\"@type\":\"ListItem\",\"position\":2,\"name\":\"BIEN GRANDIR, Accompagner l&rsquo;enfant de 3 \u00e0 10 ans\"}]},{\"@type\":\"WebSite\",\"@id\":\"https:\\\/\\\/www.coeurdefamille.com\\\/#website\",\"url\":\"https:\\\/\\\/www.coeurdefamille.com\\\/\",\"name\":\"Coeur de famille\",\"description\":\"Un site utilisant WordPress\",\"publisher\":{\"@id\":\"https:\\\/\\\/www.coeurdefamille.com\\\/#\\\/schema\\\/person\\\/ef8deef460ebfe19f6381b3156a6e3cb\"},\"potentialAction\":[{\"@type\":\"SearchAction\",\"target\":{\"@type\":\"EntryPoint\",\"urlTemplate\":\"https:\\\/\\\/www.coeurdefamille.com\\\/?s={search_term_string}\"},\"query-input\":{\"@type\":\"PropertyValueSpecification\",\"valueRequired\":true,\"valueName\":\"search_term_string\"}}],\"inLanguage\":\"en-US\"},{\"@type\":[\"Person\",\"Organization\"],\"@id\":\"https:\\\/\\\/www.coeurdefamille.com\\\/#\\\/schema\\\/person\\\/ef8deef460ebfe19f6381b3156a6e3cb\",\"name\":\"admin2165\",\"image\":{\"@type\":\"ImageObject\",\"inLanguage\":\"en-US\",\"@id\":\"https:\\\/\\\/www.coeurdefamille.com\\\/wp-content\\\/uploads\\\/2023\\\/12\\\/logo.png\",\"url\":\"https:\\\/\\\/www.coeurdefamille.com\\\/wp-content\\\/uploads\\\/2023\\\/12\\\/logo.png\",\"contentUrl\":\"https:\\\/\\\/www.coeurdefamille.com\\\/wp-content\\\/uploads\\\/2023\\\/12\\\/logo.png\",\"width\":500,\"height\":500,\"caption\":\"admin2165\"},\"logo\":{\"@id\":\"https:\\\/\\\/www.coeurdefamille.com\\\/wp-content\\\/uploads\\\/2023\\\/12\\\/logo.png\"},\"sameAs\":[\"http:\\\/\\\/www.coeurdefamille.com\",\"www.instagram.com\\\/coeurdefamille.therapie\"]}]}<\/script>\n<!-- \/ Yoast SEO plugin. -->","yoast_head_json":{"title":"BIEN GRANDIR, Accompagner l'enfant de 3 \u00e0 10 ans - Coeur de famille","description":"coeur de famille vous accompagne pour aider votre enfant \u00e0 s'\u00e9panouir, \u00e0 g\u00e9rer ses \u00e9motions et \u00e0 faire face aux difficult\u00e9s de la vie.","robots":{"index":"index","follow":"follow","max-snippet":"max-snippet:-1","max-image-preview":"max-image-preview:large","max-video-preview":"max-video-preview:-1"},"canonical":"https:\/\/www.coeurdefamille.com\/index.php\/bien-grandir\/","og_locale":"en_US","og_type":"article","og_title":"BIEN GRANDIR, Accompagner l'enfant de 3 \u00e0 10 ans - Coeur de famille","og_description":"coeur de famille vous accompagne pour aider votre enfant \u00e0 s'\u00e9panouir, \u00e0 g\u00e9rer ses \u00e9motions et \u00e0 faire face aux difficult\u00e9s de la vie.","og_url":"https:\/\/www.coeurdefamille.com\/index.php\/bien-grandir\/","og_site_name":"Coeur de famille","article_modified_time":"2024-07-10T16:43:31+00:00","og_image":[{"url":"https:\/\/www.coeurdefamille.com\/wp-content\/uploads\/2023\/12\/image-enfant-2-1024x669.jpg","type":"","width":"","height":""}],"twitter_card":"summary_large_image","twitter_misc":{"Est. reading time":"2 minutes"},"schema":{"@context":"https:\/\/schema.org","@graph":[{"@type":"WebPage","@id":"https:\/\/www.coeurdefamille.com\/index.php\/bien-grandir\/","url":"https:\/\/www.coeurdefamille.com\/index.php\/bien-grandir\/","name":"BIEN GRANDIR, Accompagner l'enfant de 3 \u00e0 10 ans - Coeur de famille","isPartOf":{"@id":"https:\/\/www.coeurdefamille.com\/#website"},"primaryImageOfPage":{"@id":"https:\/\/www.coeurdefamille.com\/index.php\/bien-grandir\/#primaryimage"},"image":{"@id":"https:\/\/www.coeurdefamille.com\/index.php\/bien-grandir\/#primaryimage"},"thumbnailUrl":"https:\/\/www.coeurdefamille.com\/wp-content\/uploads\/2023\/12\/image-enfant-2-1024x669.jpg","datePublished":"2023-12-13T20:13:09+00:00","dateModified":"2024-07-10T16:43:31+00:00","description":"coeur de famille vous accompagne pour aider votre enfant \u00e0 s'\u00e9panouir, \u00e0 g\u00e9rer ses \u00e9motions et \u00e0 faire face aux difficult\u00e9s de la vie.","breadcrumb":{"@id":"https:\/\/www.coeurdefamille.com\/index.php\/bien-grandir\/#breadcrumb"},"inLanguage":"en-US","potentialAction":[{"@type":"ReadAction","target":["https:\/\/www.coeurdefamille.com\/index.php\/bien-grandir\/"]}]},{"@type":"ImageObject","inLanguage":"en-US","@id":"https:\/\/www.coeurdefamille.com\/index.php\/bien-grandir\/#primaryimage","url":"https:\/\/www.coeurdefamille.com\/wp-content\/uploads\/2023\/12\/image-enfant-2.jpg","contentUrl":"https:\/\/www.coeurdefamille.com\/wp-content\/uploads\/2023\/12\/image-enfant-2.jpg","width":2500,"height":1633},{"@type":"BreadcrumbList","@id":"https:\/\/www.coeurdefamille.com\/index.php\/bien-grandir\/#breadcrumb","itemListElement":[{"@type":"ListItem","position":1,"name":"Accueil","item":"https:\/\/www.coeurdefamille.com\/"},{"@type":"ListItem","position":2,"name":"BIEN GRANDIR, Accompagner l&rsquo;enfant de 3 \u00e0 10 ans"}]},{"@type":"WebSite","@id":"https:\/\/www.coeurdefamille.com\/#website","url":"https:\/\/www.coeurdefamille.com\/","name":"Coeur de famille","description":"Un site utilisant WordPress","publisher":{"@id":"https:\/\/www.coeurdefamille.com\/#\/schema\/person\/ef8deef460ebfe19f6381b3156a6e3cb"},"potentialAction":[{"@type":"SearchAction","target":{"@type":"EntryPoint","urlTemplate":"https:\/\/www.coeurdefamille.com\/?s={search_term_string}"},"query-input":{"@type":"PropertyValueSpecification","valueRequired":true,"valueName":"search_term_string"}}],"inLanguage":"en-US"},{"@type":["Person","Organization"],"@id":"https:\/\/www.coeurdefamille.com\/#\/schema\/person\/ef8deef460ebfe19f6381b3156a6e3cb","name":"admin2165","image":{"@type":"ImageObject","inLanguage":"en-US","@id":"https:\/\/www.coeurdefamille.com\/wp-content\/uploads\/2023\/12\/logo.png","url":"https:\/\/www.coeurdefamille.com\/wp-content\/uploads\/2023\/12\/logo.png","contentUrl":"https:\/\/www.coeurdefamille.com\/wp-content\/uploads\/2023\/12\/logo.png","width":500,"height":500,"caption":"admin2165"},"logo":{"@id":"https:\/\/www.coeurdefamille.com\/wp-content\/uploads\/2023\/12\/logo.png"},"sameAs":["http:\/\/www.coeurdefamille.com","www.instagram.com\/coeurdefamille.therapie"]}]}},"_links":{"self":[{"href":"https:\/\/www.coeurdefamille.com\/index.php\/wp-json\/wp\/v2\/pages\/105","targetHints":{"allow":["GET"]}}],"collection":[{"href":"https:\/\/www.coeurdefamille.com\/index.php\/wp-json\/wp\/v2\/pages"}],"about":[{"href":"https:\/\/www.coeurdefamille.com\/index.php\/wp-json\/wp\/v2\/types\/page"}],"author":[{"embeddable":true,"href":"https:\/\/www.coeurdefamille.com\/index.php\/wp-json\/wp\/v2\/users\/1"}],"replies":[{"embeddable":true,"href":"https:\/\/www.coeurdefamille.com\/index.php\/wp-json\/wp\/v2\/comments?post=105"}],"version-history":[{"count":15,"href":"https:\/\/www.coeurdefamille.com\/index.php\/wp-json\/wp\/v2\/pages\/105\/revisions"}],"predecessor-version":[{"id":398,"href":"https:\/\/www.coeurdefamille.com\/index.php\/wp-json\/wp\/v2\/pages\/105\/revisions\/398"}],"wp:attachment":[{"href":"https:\/\/www.coeurdefamille.com\/index.php\/wp-json\/wp\/v2\/media?parent=105"}],"curies":[{"name":"wp","href":"https:\/\/api.w.org\/{rel}","templated":true}]}}